s the highest common factor of 1007 and z?
19
Let g(f) = -f**2 - 14*f - 5. Let i be g(0). Let w(c) = -57*c - 250. Let a be w(i). Calculate the highest common divisor of a and 385.
35
Suppose 3*z - 2*q - 526 = -6*q, q = -2*z + 349. Let s = -20 + z. What is the greatest common divisor of s and 44?
22
Let p be (-912)/9 - 3/(-9). Let t be (-19)/(152/756) - (21/6 - 3). Let i = t - p. Calculate the highest common divisor of i and 3.
3
Suppose -2*j - 3*j + 180 = 0. Suppose -4*n + 406 = -9*h + 7*h, 2*n - 221 = -5*h. Suppose -31 + n = 3*q. Calculate the greatest common factor of j and q.
12
Let u(o) = -o**3 + 18*o**2 - 35*o - 14. Let z be u(10). Suppose 19*y + 94 - z = 0. Calculate the greatest common factor of y and 2.
2
Let n = -2818 - -2895. What is the highest common factor of 209 and n?
11
Let n be -4 - 164*(7 - (9 - 1)). What is the highest common factor of 1440 and n?
160
Suppose 0 = -6593*a + 6610*a - 442. Let c be (-1)/(2 + (-2396)/1196). Calculate the greatest common divisor of c and a.
13
Let r(g) = 16*g + 4 - 30*g + g**3 - 1 + 7 - 3*g**2. Let n be r(6). What is the highest common divisor of n and 102?
34
Suppose -5554 = -104*s + 7030. Let p be 4/(-10) - (-7)/(35/222). Calculate the highest common divisor of p and s.
11
Suppose -u - 9 = -5*h - 1, -4*h = u - 19. Let z = -8 + 4. Let w be (-1 - (3 - u)/z)*-10. What is the greatest common factor of 10 and w?
10
Let v be ((-4)/2)/(-6 - -8)*-76. Let p be (-1 + 11*-1)*v/12. Let s = p + 123. What is the greatest common factor of 94 and s?
47
Let v(t) = 45*t + 9. Let g be v(-5). Let i be 1/(-1 - g/220). Let c = -30 - i. Calculate the highest common divisor of 5 and c.
5
Let g(a) = -2*a**3 - 12*a**2 - 10*a + 4. Let v be g(-1). What is the highest common factor of v and 37?
1
Let t be 702/(-10) - 1/(-5). Suppose 5*f + 5*b = -580, 0 = -4*f - 2*b + 3*b - 454. Let l = t - f. Calculate the greatest common factor of 11 and l.
11
Suppose 2*w - 65 = l, 2*w - 4*l - 162 + 88 = 0. What is the highest common divisor of w and 4061?
31
Suppose -p + 239 = -101. Let z be (-2)/(2/(-207)) + -3. What is the highest common factor of z and p?
68
Let j be ((-106)/(-3) + -2)*-3. Let w be (0/3 - 4) + 4 - j. Suppose 0 = -16*k + 6*k + w. What is the greatest common divisor of k and 90?
10
Let b = 15138 - 15030. What is the highest common divisor of b and 450?
18
Suppose 3*t - 8*k = -5*k + 42, -t - k + 22 = 0. What is the highest common divisor of t and 3474?
18
Let p = 6632 - 6281. Calculate the highest common factor of p and 988.
13
Suppose -249*a + 4131 = -232*a. Calculate the greatest common factor of 2268 and a.
81
Let q be ((-13)/26)/(1/(-14)). Let t be (5/2)/(115/322). Calculate the highest common factor of t and q.
7
Suppose 3*l + 2*l = -3*p - 45, -3*p = 2*l + 36. Let n(o) = -2*o**2 - 17*o + 14. Let u be n(p). Let f = u - -36. What is the greatest common factor of 5 and f?
5
Let w(a) = 3*a**3 - 16*a**2 + 6*a - 4. Let o be w(5). Let y(f) = 120*f - 15. Let t be y(o). Calculate the highest common factor of 42 and t.
21
Let h be 46/14 + -5*14/245. Suppose 48*r - 47*r = -f + 31, -h*r + 72 = -4*f. What is the greatest common divisor of r and 70?
14
Suppose 18312 = -26*v - 30*v. Let h = -132 - v. Calculate the greatest common factor of 15 and h.
15
Suppose -4*o = -1429*g + 1426*g - 964, 3*g + 726 = 3*o. Calculate the highest common divisor of o and 2975.
119
Suppose -173*v = -130*v - 39431. Calculate the highest common factor of v and 14.
7
Suppose 10*k - 45 = 15*k. Let x = k - -27. Suppose 0*l + 18 = l. What is the highest common divisor of x and l?
18
Suppose 3*i = 2395 + 1973. Suppose i = 45*v - 38*v. What is the greatest common divisor of v and 156?
52
Suppose -314*a + 5408 = -301*a. What is the highest common factor of 13 and a?
13
Let k be 1/(1 - 160/158)*2. Let d = -149 - k. What is the greatest common divisor of d and 6?
3
Suppose 38*w = -53 + 623. Let s be (-6 - 4/(-2)) + 139. What is the greatest common divisor of w and s?
15
Let d be (-1)/(2/6) - (1 + -38 + -879). What is the highest common divisor of 3071 and d?
83
Suppose -s + 4*n = 2*n - 48, 5*s = n + 276. Calculate the highest common factor of s and 7784.
56
Let m = 4713 - 2707. Calculate the highest common divisor of m and 102.
34
Suppose -241*n + 259*n - 497 = 223. Calculate the highest common factor of n and 785.
5
Suppose -4*r + 94 = 18. Let w(z) = -z**2 - 45*z + 159. Let l be w(-41). Calculate the greatest common factor of l and r.
19
Suppose -44*n + 9081 + 7046 = -6973. What is the greatest common factor of n and 1365?
105
Let i = 42 - 32. Suppose 0 = 12*y - i*y + 66. Let k be 1 + 8 + -5 - y. Calculate the highest common divisor of k and 111.
37
Let l = 577 - 579. Let u be (l/4)/((-10)/260). Calculate the highest common factor of 143 and u.
13
Let v(f) = -2*f**3 + 23*f**2 + 31*f + 119. Let n be v(13). Calculate the highest common divisor of 531 and n.
3
Let m(d) = d**2 - d + 247. Let x be m(0). Suppose -3*l + 3*i = -6*l + 87, -2*l + 3*i = -43. Calculate the highest common factor of x and l.
13
Suppose -s + 3 + 3 = 3*u, -2*s - 21 = -5*u. Suppose v - 4*j = 15, 3*j + 23 = 2*v + u. What is the highest common factor of v and 189?
7
Let l(x) = -x**2 - 66*x + 2299. Let b be l(25). Calculate the highest common factor of 2056 and b.
8
Let n = 1991 - -2815. Calculate the highest common divisor of 81 and n.
27
Let p(q) = 418*q - 3532. Let k be p(10). What is the greatest common factor of 984 and k?
24
Suppose 4*y = -3*m + 11 + 44, 10 = y - 3*m. Suppose y*b - 23 = 211. Let g = 10 + -6. Calculate the highest common divisor of b and g.
2
Suppose 3*u + 48 = 19*u. Suppose -17*k + 149 = c - 15*k, -2*c + 284 = -u*k. Calculate the greatest common factor of 5 and c.
5
Let j(p) = -p**2 + 14*p + 6. Let z be j(14). Suppose 2*a - a = z. Suppose -4 = -v + 62. Calculate the highest common divisor of a and v.
6
Let w(j) = -11*j - 577. Let n be w(-53). Calculate the highest common divisor of 750 and n.
6
Let x(b) = b**3 + b**2 - b - 5. Let a be x(-5). Let i = 118 + a. Calculate the highest common divisor of 18 and i.
18
Let o(f) = -f**3 + 17*f**2 - 6*f - 31. Let g be o(15). Let q = g + -325. What is the highest common factor of 180 and q?
4
Let u(z) = -2*z + 9. Let p = -19 - -23. Let b be u(p). Let o be ((-48)/15)/(b/(-55)). What is the highest common divisor of o and 16?
16
Let n be 3 + (14 - 465)/(-11). Let a = 21 + 7. What is the highest common factor of n and a?
4
Let i be 1/4 - (-805975)/1252. What is the greatest common divisor of 49 and i?
7
Suppose 3*i + 0*i = 189. Let x = -43 + i. Let c = -2776 + 2996. Calculate the highest common factor of x and c.
20
Suppose -4*m = -6*m - 2*r, -2*m - 3*r - 2 = 0. Suppose -28*y = m*y - 6030. Calculate the greatest common factor of 3 and y.
3
Suppose -3*x = 2*b - 86, 5*x + 201 + 38 = 9*b. What is the greatest common divisor of 8029 and b?
31
Suppose 0 = 5*r + 1115 - 4080. Suppose -145 = 4*n - r. Calculate the greatest common factor of 7 and n.
7
Let p(j) be the first derivative of -5*j**2 + 270*j - 145. Let y be p(23). What is the greatest common factor of y and 5?
5
Let i be (-145)/(-203)*(-268876)/(-20) - 4/(-14). Calculate the highest common factor of i and 198.
99
Let o = 9046 - 9023. What is the highest common divisor of o and 16721?
23
Let q = 3062 - 4615. Let m = 2371 + q. Let r be 4 - 6 - m/(-2). Calculate the greatest common factor of r and 37.
37
Let b be (-1 - -2) + (22 - 26). Let n(c) = -2*c**2 - 5*c + 5. Let a be n(b). Let d be a/(8/(-2))*(-30 - -4). What is the highest common divisor of d and 26?
13
Suppose -x - 4*x = -125. Let m = 13227 - 13217. What is the greatest common divisor of m and x?
5
Let g = 55 + -119. Let c = -8 - g. Let x = 128 - c. Calculate the highest common divisor of x and 36.
36
Let n(m) = 211*m**3 + 3*m**2 - 2*m. Let v be n(1). What is the greatest common divisor of v and 68?
4
Let u(d) = 3*d**2 - 6*d - 8. Let q be u(4). Let o(g) = g**2 + 9*g + 1. Let x be o(-7). Let n = x + q. What is the highest common factor of 1 and n?
1
Let j = 4457 + -4397. Calculate the highest common divisor of j and 1530.
30
Let g(v) = v**2 + 108*v + 627. Let i be g(-6). Calculate the greatest common divisor of i and 75.
15
Let f = -308 + 552. Let x(r) = -3*r**3 + 207*r**2 + 9*r - 438. Let u be x(69). Calculate the greatest co